{"id":35,"date":"2020-03-25T07:07:42","date_gmt":"2020-03-25T07:07:42","guid":{"rendered":"https:\/\/germinagro.pt\/web1\/?page_id=35"},"modified":"2021-07-15T13:40:37","modified_gmt":"2021-07-15T13:40:37","slug":"horticultura","status":"publish","type":"page","link":"https:\/\/germinagro.pt\/web1\/horticultura\/","title":{"rendered":"Horticultura"},"content":{"rendered":"<h5 style=\"text-align: justify;\">Na \u00e1rea de <strong>Horticultura Alimentar<\/strong> a Germinagro Lda. dedica-se essencialmente ao cultivo de <strong>Feij\u00e3o de vagem<\/strong>, tamb\u00e9m conhecido por <em>feij\u00e3o verde<\/em>, mas produz tamb\u00e9m uma s\u00e9rie de Legumes, Verduras e algumas arom\u00e1ticas. Todo o processo \u00e9 realizado de forma sustent\u00e1vel com o cuidado de cumprir boas pr\u00e1ticas agr\u00edcolas.<\/h5>\n<h5 style=\"text-align: justify;\">\u00c9 um trabalho cansativo, principalmente nos meses de Ver\u00e3o, mas \u00e9 gratificante ver o nosso empenho e esfor\u00e7o reconhecidos pelos clientes.<\/h5>\n<p>\u00a0<\/p>\n\n\n<div class=\"wp-block-columns is-layout-flex wp-container-core-columns-layout-1 wp-block-columns-is-layout-flex\">\n<div class=\"wp-block-column is-layout-flow wp-block-column-is-layout-flow\">\n<div class=\"wp-block-media-text alignwide is-stacked-on-mobile\"><figure class=\"wp-block-media-text__media\"><img loading=\"lazy\" decoding=\"async\" width=\"550\" height=\"450\" src=\"https:\/\/germinagro.pt\/web1\/wp-content\/uploads\/2020\/03\/feijao_vagem_verde_larga-1.jpg\" alt=\"\" class=\"wp-image-431\" srcset=\"https:\/\/germinagro.pt\/web1\/wp-content\/uploads\/2020\/03\/feijao_vagem_verde_larga-1.jpg 550w, https:\/\/germinagro.pt\/web1\/wp-content\/uploads\/2020\/03\/feijao_vagem_verde_larga-1-300x245.jpg 300w\" sizes=\"(max-width: 550px) 100vw, 550px\" \/><\/figure><div class=\"wp-block-media-text__content\">\n<p class=\"has-large-font-size\"><strong>FEIJ\u00c3O DE VAGEM<\/strong><\/p>\n<\/div><\/div>\n<\/div>\n\n\n\n<div class=\"wp-block-column is-layout-flow wp-block-column-is-layout-flow\">\n<div class=\"wp-block-media-text alignwide is-stacked-on-mobile\"><figure class=\"wp-block-media-text__media\"><img loading=\"lazy\" decoding=\"async\" width=\"550\" height=\"450\" src=\"https:\/\/germinagro.pt\/web1\/wp-content\/uploads\/2020\/03\/cebola_branca.jpg\" alt=\"\" class=\"wp-image-451\" srcset=\"https:\/\/germinagro.pt\/web1\/wp-content\/uploads\/2020\/03\/cebola_branca.jpg 550w, https:\/\/germinagro.pt\/web1\/wp-content\/uploads\/2020\/03\/cebola_branca-300x245.jpg 300w\" sizes=\"(max-width: 550px) 100vw, 550px\" \/><\/figure><div class=\"wp-block-media-text__content\">\n<p class=\"has-large-font-size\"><strong>CEBOLA<\/strong><\/p>\n<\/div><\/div>\n<\/div>\n<\/div>\n","protected":false},"excerpt":{"rendered":"<p>Feij\u00e3o Verde,  Couve Frisada, estes s\u00e3o alguns dos produtos &#8230;.<\/p>\n","protected":false},"author":1,"featured_media":557,"parent":0,"menu_order":0,"comment_status":"closed","ping_status":"closed","template":"","meta":{"footnotes":""},"_links":{"self":[{"href":"https:\/\/germinagro.pt\/web1\/wp-json\/wp\/v2\/pages\/35"}],"collection":[{"href":"https:\/\/germinagro.pt\/web1\/wp-json\/wp\/v2\/pages"}],"about":[{"href":"https:\/\/germinagro.pt\/web1\/wp-json\/wp\/v2\/types\/page"}],"author":[{"embeddable":true,"href":"https:\/\/germinagro.pt\/web1\/wp-json\/wp\/v2\/users\/1"}],"replies":[{"embeddable":true,"href":"https:\/\/germinagro.pt\/web1\/wp-json\/wp\/v2\/comments?post=35"}],"version-history":[{"count":138,"href":"https:\/\/germinagro.pt\/web1\/wp-json\/wp\/v2\/pages\/35\/revisions"}],"predecessor-version":[{"id":957,"href":"https:\/\/germinagro.pt\/web1\/wp-json\/wp\/v2\/pages\/35\/revisions\/957"}],"wp:featuredmedia":[{"embeddable":true,"href":"https:\/\/germinagro.pt\/web1\/wp-json\/wp\/v2\/media\/557"}],"wp:attachment":[{"href":"https:\/\/germinagro.pt\/web1\/wp-json\/wp\/v2\/media?parent=35"}],"curies":[{"name":"wp","href":"https:\/\/api.w.org\/{rel}","templated":true}]}}

<h5 style="text-align: justify;">Na área de <strong>Horticultura Alimentar</strong> a Germinagro Lda. dedica-se essencialmente ao cultivo de <strong>Feijão de vagem</strong>, também conhecido por <em>feijão verde</em>, mas produz também uma série de Legumes, Verduras e algumas aromáticas. Todo o processo é realizado de forma sustentável com o cuidado de cumprir boas práticas agrícolas.</h5>
<h5 style="text-align: justify;">É um trabalho cansativo, principalmente nos meses de Verão, mas é gratificante ver o nosso empenho e esforço reconhecidos pelos clientes.</h5>
<p> </p>


<div class="wp-block-columns is-layout-flex wp-container-core-columns-layout-1 wp-block-columns-is-layout-flex">
<div class="wp-block-column is-layout-flow wp-block-column-is-layout-flow">
<div class="wp-block-media-text alignwide is-stacked-on-mobile"><figure class="wp-block-media-text__media"><img loading="lazy" decoding="async" width="550" height="450" src="https://germinagro.pt/web1/wp-content/uploads/2020/03/feijao_vagem_verde_larga-1.jpg" alt="" class="wp-image-431" srcset="https://germinagro.pt/web1/wp-content/uploads/2020/03/feijao_vagem_verde_larga-1.jpg 550w, https://germinagro.pt/web1/wp-content/uploads/2020/03/feijao_vagem_verde_larga-1-300x245.jpg 300w" sizes="(max-width: 550px) 100vw, 550px" /></figure><div class="wp-block-media-text__content">
<p class="has-large-font-size"><strong>FEIJÃO DE VAGEM</strong></p>
</div></div>
</div>



<div class="wp-block-column is-layout-flow wp-block-column-is-layout-flow">
<div class="wp-block-media-text alignwide is-stacked-on-mobile"><figure class="wp-block-media-text__media"><img loading="lazy" decoding="async" width="550" height="450" src="https://germinagro.pt/web1/wp-content/uploads/2020/03/cebola_branca.jpg" alt="" class="wp-image-451" srcset="https://germinagro.pt/web1/wp-content/uploads/2020/03/cebola_branca.jpg 550w, https://germinagro.pt/web1/wp-content/uploads/2020/03/cebola_branca-300x245.jpg 300w" sizes="(max-width: 550px) 100vw, 550px" /></figure><div class="wp-block-media-text__content">
<p class="has-large-font-size"><strong>CEBOLA</strong></p>
</div></div>
</div>
</div>

<p>Feijão Verde,  Couve Frisada, estes são alguns dos produtos &#8230;.</p>
