{"id":584,"date":"2020-04-13T23:03:18","date_gmt":"2020-04-13T23:03:18","guid":{"rendered":"https:\/\/germinagro.pt\/web1\/?page_id=584"},"modified":"2021-07-15T13:42:43","modified_gmt":"2021-07-15T13:42:43","slug":"florespinho-florista-grupo-germinagro","status":"publish","type":"page","link":"https:\/\/germinagro.pt\/web1\/florespinho-florista-grupo-germinagro\/","title":{"rendered":"Florista Florespinho (by Germinagro)"},"content":{"rendered":"\n<p>A Germinagro tem ao seu dispor na Rua 18, n\u00ba712 no centro da cidade de Espinho um estabelecimento destinado ao atendimento do <em>consumidor final<\/em>.<\/p>\n<table style=\"border-collapse: collapse; width: 100%;\">\n<tbody>\n<tr>\n<td style=\"width: 26.9047%;\"><img loading=\"lazy\" decoding=\"async\" class=\"alignnone size-medium wp-image-864\" src=\"https:\/\/germinagro.pt\/web1\/wp-content\/uploads\/2021\/04\/logo_florespinho_2021_facebook-300x157.jpg\" alt=\"\" width=\"300\" height=\"157\" srcset=\"https:\/\/germinagro.pt\/web1\/wp-content\/uploads\/2021\/04\/logo_florespinho_2021_facebook-300x157.jpg 300w, https:\/\/germinagro.pt\/web1\/wp-content\/uploads\/2021\/04\/logo_florespinho_2021_facebook.jpg 500w\" sizes=\"(max-width: 300px) 100vw, 300px\" \/><\/td>\n<td style=\"width: 4.88097%;\">\u00a0<\/td>\n<td style=\"width: 68.2142%;\">\n<h5 class=\"has-large-font-size\">Realizamos todo o tipo de arranjos com flores<\/h5>\n<ul>\n<li>Ramos de flores<\/li>\n<li>Bouquets<\/li>\n<li>Ramos de noiva<\/li>\n<li>Cestos de flores<\/li>\n<li>Coroas de funeral<\/li>\n<li>Ramos de Funeral<\/li>\n<li>Decora\u00e7\u00e3o de espa\u00e7os \/ eventos<\/li>\n<\/ul>\n<p>Diga-nos o que pretende que n\u00f3s ajudamos! <a href=\"https:\/\/germinagro.pt\/web1\/contacto\/\">Contacte-nos!<\/a><\/p>\n<\/td>\n<\/tr>\n<\/tbody>\n<\/table>\n<p>\u00a0<\/p>\n<p>\u00a0<\/p>\n\n\n\n<p><\/p>\n","protected":false},"excerpt":{"rendered":"<p>A Germinagro tem ao seu dispor na Rua 18, n\u00ba712 no centro da cidade de Espinho um estabelecimento destinado ao atendimento do consumidor final. \u00a0&hellip;<\/p>\n","protected":false},"author":1,"featured_media":589,"parent":0,"menu_order":0,"comment_status":"closed","ping_status":"closed","template":"","meta":{"footnotes":""},"_links":{"self":[{"href":"https:\/\/germinagro.pt\/web1\/wp-json\/wp\/v2\/pages\/584"}],"collection":[{"href":"https:\/\/germinagro.pt\/web1\/wp-json\/wp\/v2\/pages"}],"about":[{"href":"https:\/\/germinagro.pt\/web1\/wp-json\/wp\/v2\/types\/page"}],"author":[{"embeddable":true,"href":"https:\/\/germinagro.pt\/web1\/wp-json\/wp\/v2\/users\/1"}],"replies":[{"embeddable":true,"href":"https:\/\/germinagro.pt\/web1\/wp-json\/wp\/v2\/comments?post=584"}],"version-history":[{"count":18,"href":"https:\/\/germinagro.pt\/web1\/wp-json\/wp\/v2\/pages\/584\/revisions"}],"predecessor-version":[{"id":958,"href":"https:\/\/germinagro.pt\/web1\/wp-json\/wp\/v2\/pages\/584\/revisions\/958"}],"wp:featuredmedia":[{"embeddable":true,"href":"https:\/\/germinagro.pt\/web1\/wp-json\/wp\/v2\/media\/589"}],"wp:attachment":[{"href":"https:\/\/germinagro.pt\/web1\/wp-json\/wp\/v2\/media?parent=584"}],"curies":[{"name":"wp","href":"https:\/\/api.w.org\/{rel}","templated":true}]}}

<p>A Germinagro tem ao seu dispor na Rua 18, nº712 no centro da cidade de Espinho um estabelecimento destinado ao atendimento do <em>consumidor final</em>.</p>
<table style="border-collapse: collapse; width: 100%;">
<tbody>
<tr>
<td style="width: 26.9047%;"><img loading="lazy" decoding="async" class="alignnone size-medium wp-image-864" src="https://germinagro.pt/web1/wp-content/uploads/2021/04/logo_florespinho_2021_facebook-300x157.jpg" alt="" width="300" height="157" srcset="https://germinagro.pt/web1/wp-content/uploads/2021/04/logo_florespinho_2021_facebook-300x157.jpg 300w, https://germinagro.pt/web1/wp-content/uploads/2021/04/logo_florespinho_2021_facebook.jpg 500w" sizes="(max-width: 300px) 100vw, 300px" /></td>
<td style="width: 4.88097%;"> </td>
<td style="width: 68.2142%;">
<h5 class="has-large-font-size">Realizamos todo o tipo de arranjos com flores</h5>
<ul>
<li>Ramos de flores</li>
<li>Bouquets</li>
<li>Ramos de noiva</li>
<li>Cestos de flores</li>
<li>Coroas de funeral</li>
<li>Ramos de Funeral</li>
<li>Decoração de espaços / eventos</li>
</ul>
<p>Diga-nos o que pretende que nós ajudamos! <a href="https://germinagro.pt/web1/contacto/">Contacte-nos!</a></p>
</td>
</tr>
</tbody>
</table>
<p> </p>
<p> </p>



<p></p>

<p>A Germinagro tem ao seu dispor na Rua 18, nº712 no centro da cidade de Espinho um estabelecimento destinado ao atendimento do consumidor final.  &hellip;</p>
